nder when 205775 is divided by 60.
35
What is the remainder when 1520 is divided by 747?
26
What is the remainder when 177622 is divided by 1051?
3
Calculate the remainder when 1407 is divided by 149.
66
What is the remainder when 1871 is divided by 97?
28
Calculate the remainder when 185454 is divided by 80.
14
Calculate the remainder when 22230 is divided by 73.
38
Calculate the remainder when 2834 is divided by 809.
407
What is the remainder when 221727 is divided by 305?
297
Calculate the remainder when 3525255 is divided by 28.
27
Calculate the remainder when 848322 is divided by 203.
188
What is the remainder when 3225 is divided by 775?
125
What is the remainder when 10129 is divided by 5059?
11
Calculate the remainder when 14994 is divided by 1366.
1334
Calculate the remainder when 26417 is divided by 911.
909
Calculate the remainder when 5261 is divided by 196.
165
What is the remainder when 30544 is divided by 1131?
7
Calculate the remainder when 184729 is divided by 490.
489
Calculate the remainder when 21042 is divided by 155.
117
Calculate the remainder when 124804 is divided by 5.
4
Calculate the remainder when 18352 is divided by 4583.
20
What is the remainder when 10379 is divided by 1624?
635
Calculate the remainder when 2291 is divided by 760.
11
Calculate the remainder when 5792 is divided by 29.
21
Calculate the remainder when 25900 is divided by 785.
780
Calculate the remainder when 6042 is divided by 40.
2
Calculate the remainder when 2889 is divided by 291.
270
What is the remainder when 1669 is divided by 842?
827
Calculate the remainder when 31113 is divided by 584.
161
What is the remainder when 15169 is divided by 2528?
1
Calculate the remainder when 42127 is divided by 156.
7
Calculate the remainder when 1902957 is divided by 98.
91
What is the remainder when 13814 is divided by 13727?
87
What is the remainder when 3017 is divided by 577?
132
What is the remainder when 106787 is divided by 29?
9
Calculate the remainder when 249259 is divided by 72.
67
What is the remainder when 10974 is divided by 12?
6
What is the remainder when 4645 is divided by 1183?
1096
Calculate the remainder when 30747 is divided by 25.
22
Calculate the remainder when 14809 is divided by 463.
456
Calculate the remainder when 3623 is divided by 85.
53
What is the remainder when 9027 is divided by 170?
17
Calculate the remainder when 53240 is divided by 14.
12
What is the remainder when 1801 is divided by 1801?
0
What is the remainder when 26077 is divided by 4144?
1213
What is the remainder when 761 is divided by 165?
101
What is the remainder when 43407 is divided by 256?
143
Calculate the remainder when 653481 is divided by 39.
36
What is the remainder when 2070011 is divided by 42245?
6
What is the remainder when 786 is divided by 779?
7
What is the remainder when 6711 is divided by 41?
28
What is the remainder when 5564991 is divided by 89?
88
Calculate the remainder when 2669 is divided by 93.
65
What is the remainder when 2548893 is divided by 12?
9
Calculate the remainder when 808 is divided by 31.
2
What is the remainder when 34372 is divided by 111?
73
What is the remainder when 1094 is divided by 117?
41
Calculate the remainder when 5101 is divided by 1368.
997
Calculate the remainder when 121756 is divided by 80.
76
What is the remainder when 119496 is divided by 298?
296
Calculate the remainder when 13591 is divided by 3363.
139
Calculate the remainder when 185564 is divided by 40.
4
Calculate the remainder when 103329 is divided by 21.
9
Calculate the remainder when 12384 is divided by 214.
186
Calculate the remainder when 18153 is divided by 58.
57
What is the remainder when 407 is divided by 120?
47
What is the remainder when 74603 is divided by 67?
32
Calculate the remainder when 20942 is divided by 10463.
16
What is the remainder when 16119 is divided by 15?
9
Calculate the remainder when 2460 is divided by 41.
0
What is the remainder when 108252 is divided by 78?
66
Calculate the remainder when 1244 is divided by 150.
44
What is the remainder when 29594 is divided by 123?
74
Calculate the remainder when 1702 is divided by 286.
272
Calculate the remainder when 30548 is divided by 15273.
2
What is the remainder when 150218 is divided by 20?
18
What is the remainder when 1400534 is divided by 1400527?
7
What is the remainder when 13636 is divided by 6788?
60
Calculate the remainder when 10329 is divided by 4411.
1507
Calculate the remainder when 8336 is divided by 93.
59
Calculate the remainder when 9262 is divided by 51.
31
Calculate the remainder when 1096414 is divided by 423.
421
What is the remainder when 20230 is divided by 20218?
12
What is the remainder when 1352 is divided by 16?
8
Calculate the remainder when 327164 is divided by 213.
209
What is the remainder when 230247 is divided by 7?
3
Calculate the remainder when 13037 is divided by 203.
45
What is the remainder when 125901 is divided by 183?
180
Calculate the remainder when 12258 is divided by 185.
48
What is the remainder when 32234 is divided by 260?
254
What is the remainder when 24449 is divided by 2034?
41
What is the remainder when 3466 is divided by 247?
8
What is the remainder when 11308 is divided by 190?
98
Calculate the remainder when 5232 is divided by 134.
6
What is the remainder when 7659 is divided by 1087?
50
What is the remainder when 523825 is divided by 37?
16
What is the remainder when 822193 is divided by 99?
97
What is the remainder when 594948 is divided by 463?
456
Calculate the remainder when 2540 is divided by 247.
70
What is the remainder when 9587 is divided by 47?
46
Calculate the remainder when 2391194 is divided by 69.
68
What is the remainder when 5732 is divided by 28?
20
What is the remainder when 13788 is divided by 120?
108
What is the remainder when 256288 is divided by 572?
32
What is the remainder when 107776 is divided by 10?
6
Calculate the remainder when 20926 is divided by 322.
318
Calculate the remainder when 4614 is divided by 500.
114
Calculate the remainder when 7298 is divided by 1057.
956
Calculate the remainder when 17285 is divided by 1179.
779
Calculate the remainder when 8184 is divided by 35.
29
Calculate the remainder when 78891 is divided by 54.
51
What is the remainder when 617 is divided by 30?
17
What is the remainder when 487807 is divided by 59?
54
What is the remainder when 24035 is divided by 586?
9
Calculate the remainder when 327051 is divided by 45.
36
Calculate the remainder when 48341 is divided by 1007.
5
Calculate the remainder when 7403 is divided by 353.
343
What is the remainder when 10798 is divided by 204?
190
What is the remainder when 116505 is divided by 438?
435
Calculate the remainder when 85055 is divided by 64.
63
What is the remainder when 2636138 is divided by 4?
2
Calculate the remainder when 56626 is divided by 5659.
36
Calculate the remainder when 3459 is divided by 441.
372
Calculate the remainder when 774 is divided by 125.
24
What is the remainder when 2397092 is divided by 78?
74
Calculate the remainder when 2296 is divided by 99.
19
What is the remainder when 94974 is divided by 112?
110
What is the remainder when 286832 is divided by 5215?
7
Calculate the remainder when 5885 is divided by 1430.
165
Calculate the remainder when 16837 is divided by 15.
7
Calculate the remainder when 7017 is divided by 871.
49
Calculate the remainder when 85 is divided by 75.
10
What is the remainder when 3288205 is divided by 2274?
1
What is the remainder when 3320 is divided by 150?
20
Calculate the remainder when 576388 is divided by 115277.
3
Calculate the remainder when 606 is divided by 335.
271
Calculate the remainder when 1502796 is divided by 80.
76
What is the remainder when 23278 is divided by 240?
238
What is the remainder when 308210 is divided by 32?
18
Calculate the remainder when 17557 is divided by 6.
1
What is the remainder when 1885 is divided by 35?
30
What is the remainder when 1895 is divided by 118?
7
Calculate the remainder when 11799 is divided by 393.
9
What is the remainder when 57764 is divided by 279?
11
What is the remainder when 458 is divided by 430?
28
What is the remainder when 31339 is divided by 179?
14
Calculate the remainder when 18555 is divided 